40100002 + 10?
240100012
In base 16, what is -3 - cb1041?
-cb1044
In base 4, what is 2332 - 3010032?
-3001100
In base 6, what is 2540150 - 15?
2540131
In base 5, what is -3 + 1000302431144?
1000302431141
In base 14, what is -49 - 57d38?
-57d83
In base 3, what is -101200111 + 1021201221?
220001110
In base 6, what is -535 - -122255?
121320
In base 13, what is -5a9 - 96b?
-1247
In base 11, what is -668 - 5416?
-5a83
In base 7, what is 242363 - -504?
243200
In base 5, what is 231 + 1304110000?
1304110231
In base 14, what is -2 - 66380d?
-663811
In base 8, what is -424 + -74450?
-75074
In base 14, what is -50 + cd993?
cd943
In base 12, what is 1363 - -a59?
2200
In base 14, what is -2551d + 27?
-254d6
In base 11, what is 1924757 - 5?
1924752
In base 8, what is -1210556147 - 5?
-1210556154
In base 4, what is 10022313 - -11321?
10100300
In base 8, what is -1010337 + 2?
-1010335
In base 13, what is 1b + 398a0a?
398a28
In base 3, what is -202202221020 - 102?
-202202221122
In base 6, what is -11210254 + -442?
-11211140
In base 2, what is -1001110010011111011 + -1011101?
-1001110010101011000
In base 5, what is -23031 - 1011000?
-1034031
In base 12, what is 6 - 34a3630?
-34a3626
In base 13, what is 3b57 + 19bb?
5845
In base 7, what is -10051 + 354465?
344414
In base 4, what is 112132 - 132221011?
-132102213
In base 13, what is 27 - -1a2a4c?
1a2a76
In base 4, what is -10123212 - -1000131?
-3123021
In base 3, what is -100 + 2022111112?
2022111012
In base 6, what is -41 + -1100421420?
-1100421501
In base 10, what is 587656601 - -2?
587656603
In base 4, what is 203 + 21033102130?
21033102333
In base 15, what is -121e1 + b63?
-1157d
In base 3, what is -111112121012 + -210002?
-111120101021
In base 2, what is -11001000011011 + 110001011001?
-10010111000010
In base 10, what is 2322 - 90283?
-87961
In base 14, what is 3330a0 + -1?
33309d
In base 8, what is -4453 - 3341?
-10014
In base 9, what is 810141 + -417?
808623
In base 8, what is -6325124 - -17?
-6325105
In base 8, what is 1623 + -553157?
-551334
In base 7, what is 344411350 - 1?
344411346
In base 11, what is 2799a - -61?
27a50
In base 12, what is b - 1b49450?
-1b49441
In base 12, what is 31b62 + b67?
32b09
In base 2, what is 1111000111010000101 + 101?
1111000111010001010
In base 5, what is 134341113 - -2340?
134344003
In base 11, what is 3 - 2137a?
-21377
In base 15, what is 1e20c - -1048?
20255
In base 5, what is -1 - -10102410223?
10102410222
In base 15, what is 1c07e8 - -d?
1c0806
In base 7, what is 24 + -451032?
-451005
In base 14, what is -18 - -36b97a2?
36b9788
In base 10, what is 208 + 389465?
389673
In base 2, what is 10000 + 1011001011111010011100110?
1011001011111010011110110
In base 7, what is 3 - -104553150?
104553153
In base 15, what is 85d5 - e2?
84e3
In base 4, what is 131012230230112 - -3?
131012230230121
In base 2, what is -101 + -1000111011110000001011100?
-1000111011110000001100001
In base 11, what is -3540854 + 3?
-3540851
In base 5, what is -2033020 - -30112?
-2002403
In base 5, what is -330440344 - -143?
-330440201
In base 13, what is -185 - 1340177?
-134032c
In base 7, what is -4644 + -6345216?
-6353163
In base 16, what is 4eec - 6c9?
4823
In base 10, what is 366235 + -5?
366230
In base 6, what is 35344020240 - 4?
35344020232
In base 15, what is 22297 - 1124?
21173
In base 16, what is -b9a - -1284e?
11cb4
In base 8, what is -1275 + -52124?
-53421
In base 4, what is 210 + 1103333?
1110203
In base 8, what is 510 + 1322422?
1323132
In base 10, what is 15 + -69222485?
-69222470
In base 10, what is 19658 + -13540?
6118
In base 4, what is -201302222133 + 1?
-201302222132
In base 9, what is -38 - 5447327?
-5447366
In base 14, what is -223b50 + 1?
-223b4d
In base 15, what is -3adc0b - -7?
-3adc04
In base 10, what is -25355 + -11?
-25366
In base 12, what is 281 + 70658?
70919
In base 11, what is -809a958 + -1?
-809a959
In base 12, what is -94b97 + -37?
-95012
In base 14, what is 2 + -1d7ac65?
-1d7ac63
In base 8, what is 27231365 - -30?
27231415
In base 11, what is 1 + -2161546?
-2161545
In base 7, what is -540366660 - 5?
-540366665
In base 12, what is 7 + 30153679?
30153684
In base 15, what is 30 + -158c421?
-158c3e1
In base 15, what is 71 - -1ca44?
1cab5
In base 2, what is 10101001000001 + -110001000001100?
-11011111001011
In base 7, what is 12 + -1011136?
-1011124
In base 14, what is 184c7a + -b?
184c6d
In base 6, what is -2 + -10440544402?
-10440544404
In base 7, what is -15254 + -45514?
-64101
In base 9, what is -1438033 - 43?
-1438076
In base 2, what is -10 - 10000011100001111011111?
-10000011100001111100001
In base 4, what is 132000232200 + 3?
132000232203
In base 3, what is 11010 + 11200210020?
11200221100
In base 13, what is -560635b0 - 1?
-560635b1
In base 9, what is -5 - -5440?
5434
In base 11, what is -13 - -740a221?
740a209
In base 15, what is 53b4c39a - 0?
53b4c39a
In base 14, what is -b37 + -46ab?
-5404
In base 4, what is 2221231200 - 1303?
2221223231
In base 5, what is -14034433112 + 102?
-14034433010
In base 9, what is -17 + 46166?
46148
In base 12, what is b + 1b5a55b?
1b5a56a
In base 2, what is -1001 + -111011011011010011110?
-111011011011010100111
In base 4, what is 33 + -133112013213?
-133112013120
In base 10, what is -1097537 + 4?
-1097533
In base 7, what is 3 + 421130424?
421130430
In base 16, what is -5a376 - -a?
-5a36c
In base 16, what is -253fb23 + 0?
-253fb23
In base 14, what is -a084 - -67?
-a01b
In base 7, what is 2233 + 231240?
233503
In base 4, what is 30303 + -332233112?
-332202203
In base 3, what is -12 + -1020122121200211?
-1020122121201000
In base 13, what is 4 - -444ba319?
444ba320
In base 13, what is -191 + -90496?
-90657
In base 4, what is 3133212212 + -21133?
3133131013
In base 4, what is -21122113 + 211333?
-20310120
In base 2, what is -10000110010 + 100110101100001?
100100100101111
In base 4, what is -10322110 - 113?
-10322223
In base 14, what is 1d9d1 - 4d?
1d982
In base 3, what is 1001210101 + -101?
1001210000
In base 9, what is -3080 + -166375?
-170465
In base 9, what is -5 - 63826208?
-63826214
In base 14, what is -198c - -39bc?
2030
In base 2, what is 1001110100110010 - 1000010001?
1001101100100001
In base 10, what is -262 - -2625217?
2624955
In base 10, what is -5 + 264453346?
264453341
In base 15, what is -63ce5 + -474?
-64269
In base 6, what is -13435001232 - 11?
-13435001243
In base 13, what is -2b1040 + -b9?
-2b1129
In base 14, what is -86d - -41c99?
4142a
In base 15, what is 7322d + -26?
73207
In base 4, what is -1330110332 + 20032?
-1330030300
In base 4, what is -123101320 - -1211233?
-121230021
In base 4, what is 0 - 131133213123?
-131133213123
In base 10, what is 52174982 - 5?
52174977
In base 16, what is -b1 + 2c54b?
2c49a
In base 6, what is -5 + -12054152?
-12054201
In base 5, what is 120212420 + -1444?
120210421
In base 5, what is 0 + -10220124?
-10220124
In base 9, what is -11568018 - 0?
-11568018
In base 12, what is 57 + -1a7651?
-1a75b6
In base 15, what is -6 - 11925?
-1192b
In base 3, what is -1022000110 + -2102201?
-1101110011
In base 12, what is 231b1879 + -7?
231b1872
In base 2, what is 1000000001111000 - 101011001110010?
10101000000110
In base 14, what is 1b769a31 + 0?
1b769a31
In base 12, what is -35 - 10161?
-10196
In base 4, what is -2230332213 + -21221?
-2231020100
In base 3, what is 21022120001 - -122?
21022120200
In base 12, what is -5 - 11411a18?
-11411a21
In base 13, what is 230989 - 62?
230927
In base 2, what is 10000110010010 + -10010111?
10000011111011
In base 12, what is -2b3 - -331073?
330980
In base 9, what is 337413362 - 1?
337413361
In base 3, what is 110022 + -1212112222?
-1212002200
In base 16, what is 0 - 581f5c?
-581f5c
In base 10, what is -153284 - -89?
-153195
In base 5, what is 33322110331 - 3?
33322110323
In base 3, what is 2111021 - 1210001020?
-1200112222
In base 15, what is -253e + -16c?
-26ab
In base 13, what is -4779 - 15a?
-4906
In base 4, what is -210221011203 - -112?
-210221011031
In base 10, what is -8 + -207182?
-207190
In base 6, what is 5402 + -1443?
3515
In base 12, what is 421207 + -4b?
421178
In base 7, what is -225241 - -465?
-224443
In base 4, what is -33310002 - -221021?
-33022321
In base 16, what is 3d - 33a69?
-33a2c
In base 15, what is -2ce + -173a54?
-173d33
In base 9, what is -2